er when 618 is divided by 38?
10
What is the remainder when 44709 is divided by 92?
89
What is the remainder when 7232 is divided by 1429?
87
What is the remainder when 1979 is divided by 203?
152
Calculate the remainder when 152540 is divided by 76268.
4
What is the remainder when 103149 is divided by 84?
81
What is the remainder when 6926 is divided by 19?
10
Calculate the remainder when 136466 is divided by 258.
242
Calculate the remainder when 6427 is divided by 33.
25
Calculate the remainder when 15823 is divided by 136.
47
What is the remainder when 20806 is divided by 19?
1
What is the remainder when 6715 is divided by 483?
436
Calculate the remainder when 25454 is divided by 509.
4
What is the remainder when 2399 is divided by 1551?
848
What is the remainder when 941 is divided by 323?
295
What is the remainder when 2289 is divided by 16?
1
What is the remainder when 2731 is divided by 614?
275
Calculate the remainder when 192060 is divided by 13.
11
Calculate the remainder when 5565 is divided by 1270.
485
What is the remainder when 40608 is divided by 142?
138
What is the remainder when 163091 is divided by 74?
69
Calculate the remainder when 42347 is divided by 10582.
19
What is the remainder when 9194 is divided by 18?
14
Calculate the remainder when 386 is divided by 64.
2
Calculate the remainder when 5911 is divided by 92.
23
Calculate the remainder when 64709 is divided by 6.
5
What is the remainder when 1297 is divided by 1282?
15
What is the remainder when 1005894 is divided by 206?
202
What is the remainder when 18674 is divided by 9?
8
Calculate the remainder when 48310 is divided by 51.
13
Calculate the remainder when 9668 is divided by 19.
16
What is the remainder when 1672 is divided by 98?
6
Calculate the remainder when 7470 is divided by 357.
330
What is the remainder when 6527 is divided by 403?
79
What is the remainder when 4813 is divided by 685?
18
What is the remainder when 9582 is divided by 23?
14
What is the remainder when 86121 is divided by 44?
13
What is the remainder when 7653028 is divided by 77?
75
Calculate the remainder when 29134 is divided by 1532.
26
Calculate the remainder when 100497 is divided by 230.
217
Calculate the remainder when 66351 is divided by 73.
67
What is the remainder when 3844 is divided by 1905?
34
Calculate the remainder when 3451 is divided by 19.
12
Calculate the remainder when 2758 is divided by 164.
134
Calculate the remainder when 6397 is divided by 362.
243
Calculate the remainder when 11731 is divided by 51.
1
Calculate the remainder when 14034 is divided by 70.
34
Calculate the remainder when 258280 is divided by 15.
10
What is the remainder when 11808 is divided by 120?
48
What is the remainder when 537073 is divided by 63?
61
What is the remainder when 89880 is divided by 29957?
9
Calculate the remainder when 1908 is divided by 910.
88
Calculate the remainder when 32004 is divided by 185.
184
What is the remainder when 12393 is divided by 188?
173
Calculate the remainder when 16427 is divided by 198.
191
What is the remainder when 20803 is divided by 1599?
16
Calculate the remainder when 16979 is divided by 16936.
43
What is the remainder when 821 is divided by 119?
107
Calculate the remainder when 82532 is divided by 11.
10
Calculate the remainder when 5363 is divided by 1337.
15
What is the remainder when 16998 is divided by 4248?
6
What is the remainder when 21044 is divided by 746?
156
What is the remainder when 2702 is divided by 19?
4
Calculate the remainder when 110507 is divided by 2.
1
Calculate the remainder when 487 is divided by 286.
201
What is the remainder when 18315 is divided by 1408?
11
Calculate the remainder when 42737 is divided by 8.
1
What is the remainder when 2954 is divided by 2929?
25
What is the remainder when 14646 is divided by 1037?
128
Calculate the remainder when 424100 is divided by 106018.
28
What is the remainder when 552566 is divided by 393?
8
Calculate the remainder when 26057 is divided by 2367.
20
What is the remainder when 49551 is divided by 326?
325
What is the remainder when 1477 is divided by 98?
7
What is the remainder when 27627 is divided by 288?
267
Calculate the remainder when 19999 is divided by 230.
219
What is the remainder when 21513 is divided by 29?
24
What is the remainder when 59318 is divided by 349?
337
Calculate the remainder when 2763 is divided by 14.
5
What is the remainder when 94135 is divided by 164?
163
Calculate the remainder when 2095 is divided by 60.
55
What is the remainder when 543405 is divided by 74?
23
Calculate the remainder when 1752 is divided by 772.
208
What is the remainder when 2828 is divided by 1389?
50
What is the remainder when 6535 is divided by 2136?
127
What is the remainder when 3786 is divided by 937?
38
Calculate the remainder when 61378 is divided by 36.
34
What is the remainder when 29069 is divided by 95?
94
What is the remainder when 13026 is divided by 1860?
6
Calculate the remainder when 7834075 is divided by 15.
10
What is the remainder when 1736 is divided by 32?
8
Calculate the remainder when 16058 is divided by 3.
2
What is the remainder when 350906 is divided by 73?
68
What is the remainder when 14479 is divided by 186?
157
Calculate the remainder when 42576 is divided by 8500.
76
What is the remainder when 21424 is divided by 12?
4
What is the remainder when 129256 is divided by 39?
10
Calculate the remainder when 5686 is divided by 1125.
61
What is the remainder when 6908 is divided by 2767?
1374
Calculate the remainder when 1520203 is divided by 10.
3
What is the remainder when 901499 is divided by 100?
99
Calculate the remainder when 6891 is divided by 626.
5
Calculate the remainder when 216908 is divided by 163.
118
What is the remainder when 212086 is divided by 70689?
19
Calculate the remainder when 8746 is divided by 626.
608
What is the remainder when 504430 is divided by 248?
246
Calculate the remainder when 20197 is divided by 91.
86
What is the remainder when 478079 is divided by 48?
47
What is the remainder when 87798 is divided by 137?
118
Calculate the remainder when 6355 is divided by 901.
48
Calculate the remainder when 24881 is divided by 1270.
751
What is the remainder when 78936 is divided by 868?
816
Calculate the remainder when 105465 is divided by 397.
260
What is the remainder when 2721 is divided by 101?
95
What is the remainder when 8822 is divided by 1868?
1350
Calculate the remainder when 41713 is divided by 40.
33
Calculate the remainder when 33437 is divided by 3337.
67
What is the remainder when 127830 is divided by 681?
483
Calculate the remainder when 10554081 is divided by 418.
417
What is the remainder when 80603 is divided by 86?
21
Calculate the remainder when 14009 is divided by 3284.
873
What is the remainder when 23253 is divided by 7750?
3
What is the remainder when 2697 is divided by 123?
114
What is the remainder when 34723 is divided by 287?
283
What is the remainder when 9254 is divided by 331?
317
Calculate the remainder when 3771 is divided by 865.
311
What is the remainder when 156143 is divided by 5?
3
Calculate the remainder when 356623 is divided by 124.
123
Calculate the remainder when 44447 is divided by 404.
7
What is the remainder when 4411 is divided by 48?
43
Calculate the remainder when 865675 is divided by 120.
115
Calculate the remainder when 23185 is divided by 105.
85
Calculate the remainder when 3388 is divided by 389.
276
Calculate the remainder when 690 is divided by 29.
23
What is the remainder when 2005 is divided by 272?
101
What is the remainder when 21866 is divided by 7252?
110
What is the remainder when 9924 is divided by 18?
6
What is the remainder when 638395 is divided by 121?
120
What is the remainder when 477065 is divided by 43?
23
Calculate the remainder when 241982 is divided by 65.
52
Calculate the remainder when 5272 is divided by 5248.
24
Calculate the remainder when 166364 is divided by 234.
224
Calculate the remainder when 582371 is divided by 169.
166
What is the remainder when 4041 is divided by 521?
394
What is the remainder when 4093 is divided by 45?
43
Calculate the remainder when 1191 is divided by 242.
223
Calculate the remainder when 75922 is divided by 222.
220
What is 